b be t(5). Let h = -22 + b. What are the prime factors of h?
5
Let y(i) = -3*i - 3. Let v be y(-5). Suppose 2*r = 0, 4*l + 3*r = 10 + 18. Let n = v - l. What are the prime factors of n?
5
Let n(q) be the second derivative of -q**3/6 - 7*q**2/2 - q. Let z be n(-6). List the prime factors of (z - 4)*2/(-2).
5
Let y(c) = -2*c**3 - 5*c**2 + 4*c - 9. What are the prime factors of y(-5)?
2, 3
Suppose -5*i + 51 = -79. List the prime factors of i.
2, 13
Let h(z) = -z**3 + 8*z**2 - 3*z - 8. Suppose 3*b + 14 = 5*b. List the prime factors of h(b).
2, 5
Let l be (-2 - -5)*(-1 + 2). Suppose 2*m + l*w - 16 = 0, -7 = -2*w + 1. Suppose 21 = m*u + 4*v - 5, 5*u - 2*v = 65. What are the prime factors of u?
13
Let l(w) = 20*w**2 + 3*w - 6. What are the prime factors of l(3)?
3, 61
Let l = 9 + -5. Suppose 0 = -3*s + l*n + 44, -2*s - s + 5*n = -46. What are the prime factors of s?
2, 3
Suppose 6 = 2*s, 2*o + 4*s - 39 - 41 = 0. Let q = -23 + o. List the prime factors of q.
11
Let d(q) = -2*q**3 + q. Let u be d(1). Let m(v) = -4*v**3 + v**2 - 1. Let k be m(u). Suppose 3*n - 5*o = 20, k = -n - 5*o + 24. List the prime factors of n.
2, 5
Let o(d) be the third derivative of 0*d + 0 - 7/24*d**4 - 1/60*d**5 - d**2 - d**3. What are the prime factors of o(-5)?
2
Suppose 0 = -3*t - 0*t + 18. Let p(h) = 3*h - 8. List the prime factors of p(t).
2, 5
Suppose 0 = w - 2*w. Suppose -4*f = -4*g, -3*g + 15 = 5*f - 9. Suppose w*c = g*c - 30. List the prime factors of c.
2, 5
Suppose -2*w + 4*r = 10, 30 = 3*w + 4*r - r. Let z be -13*w*2/5. Let q = -14 - z. List the prime factors of q.
2, 3
Let r(j) = 24*j - 4. Let q be r(-4). List the prime factors of (q/(-6))/((-2)/(-3)).
5
Let x(u) = 2*u**2 - 2*u**2 + u**2 + u - 17. What are the prime factors of x(-7)?
5
Let z be (10/(-3))/((-14)/(-168)). Let g = z - -64. List the prime factors of g.
2, 3
List the prime factors of 5/(60/(-9)) + 303/4.
3, 5
Suppose -27 = -t - 2*h, t + t - 3*h - 40 = 0. Suppose 2*v + 4*d - 7 = -t, -5*d = v + 2. Let a = 26 + v. List the prime factors of a.
2, 7
Suppose 3*s = 3, 0 = -3*w + 4*s + 174 + 365. List the prime factors of w.
181
Suppose 3*n + 26 = 4*i, 0*i + 1 = 2*n + i. Let r = 1 + n. What are the prime factors of 1 - 24/3*r?
3
Let m = 5 + -2. Let o = 5 - m. List the prime factors of o.
2
Suppose 3*k - 4*n + 355 = 0, -5*k + 3*n - 630 = 4*n. Let i = -89 - k. Suppose h + 2*h - s = 36, -i = -3*h - 2*s. List the prime factors of h.
2, 3
Suppose -5*c - 4*w = -295, 2*w + 250 = 5*c - 45. What are the prime factors of c?
59
Suppose -1 + 13 = 4*v. Suppose q = t - 31, 50 = -t + v*t - 5*q. Let b = -25 + t. What are the prime factors of b?
2, 5
Let i(s) = -s**2 + 4*s - 2. Suppose o - 3*h - 3 = 0, 5 - 11 = -2*o + 2*h. Let r be i(o). List the prime factors of -1 - (-20 - (-4 + r)).
2
Let o = 126 + -28. Suppose 0 = 2*k - j - 37, 5*k + 4*j - o = j. What are the prime factors of k?
19
Let x be 2*2/(-8)*-4. Suppose 3*y - x*y + 4*g = 30, -2*y = -5*g - 112. Suppose -5*n + 4*z = z - y, -8 = 4*z. List the prime factors of n.
2
Suppose -4*k = 4*h + 3 + 1, 0 = -2*h - 3*k - 5. Suppose -2*i = h, 5*w = 5*i + 2 + 33. What are the prime factors of w?
2, 3
What are the prime factors of ((-4)/(-8))/((-1)/(-86))?
43
Let j be 3 + -1 + -2 - -209. Suppose -4*p = -3*t - j, -5*p + 23 = -2*t - 233. List the prime factors of p.
2, 5
Suppose 21 + 2 = y. List the prime factors of y.
23
Let y be 24 + (0 - (3 - 2)). Let h = y + -16. List the prime factors of h.
7
Let u(l) = -7*l**3 - 2*l - 1 + 11*l**2 - 11*l**2. List the prime factors of u(-1).
2
Suppose 5*k + 2 = z, 0*k = 3*z - 3*k + 18. Let v be (z/5)/((-2)/5). Suppose -15 + 2 = 4*d + 5*h, v*d + 3 = -3*h. What are the prime factors of d?
3
What are the prime factors of 4/18 + 1856/72?
2, 13
Let s = 61 + -19. What are the prime factors of s?
2, 3, 7
Suppose 3*z + i = 26, -8 = -3*z + z + 4*i. List the prime factors of z.
2
Let d be (-3)/(3/(-5)) - -1. What are the prime factors of (d/(-4))/((-9)/60)?
2, 5
Let w = -9 - -17. List the prime factors of 118/w + (-2)/(-8).
3, 5
Suppose -5*r = 2*h - 0*r + 190, 4*h + 3*r = -352. Let v = 132 + h. What are the prime factors of v?
47
Suppose 0 = 4*x - 32 - 28. What are the prime factors of x?
3, 5
Let y be (1 - -1)*(-9)/18. Let j = y + 7. List the prime factors of j.
2, 3
Let l(p) = -2*p - 6. Suppose -x = b + 9, -3*x - 2*x + b - 21 = 0. Let i be l(x). List the prime factors of 26/3 + i/(-6).
2
Let r(g) = -40*g. List the prime factors of r(-1).
2, 5
Let w = -3 + -6. Let p = w - -26. Suppose -3*j - p + 41 = 0. List the prime factors of j.
2
What are the prime factors of (-4)/(-3)*87 - 2*1?
2, 3, 19
Suppose -3*y + 0*l + 2*l = -1149, 0 = -3*y - 5*l + 1128. List the prime factors of y.
3, 127
Let v be 121 + -2 + 1 + 1. Let t = v + -79. Suppose 2*c = -2*d + t, -2*c - 4*d + 42 = -6. List the prime factors of c.
2, 3
Let m(s) = -s**3 + 4*s**2 + 7*s. Let c(r) = 6*r**2 + 2*r + 1. Let a be c(-1). List the prime factors of m(a).
2, 5
Let k(x) = 9*x - 2. Let q be k(4). Let o = -24 + q. What are the prime factors of o?
2, 5
Let w be 0 + -3 - 0/6. Let o be w/(3 - 2) + 16. List the prime factors of o - (2 + -1 - 3).
3, 5
Let b(h) = -8*h - 1. Let l be b(1). Let a(r) = -2*r - 7. List the prime factors of a(l).
11
Let s = -24 - -44. List the prime factors of s.
2, 5
List the prime factors of (330 - 3) + (8/4)/1.
7, 47
Suppose -2*n + 80 + 60 = 0. What are the prime factors of n?
2, 5, 7
Let l(o) be the second derivative of -1/6*o**3 - 5/2*o**2 + 0 - 3*o. What are the prime factors of l(-8)?
3
Let x = -7 - -11. Suppose -3 = -x*p - 23. What are the prime factors of (-18)/(-4) + p/(-10)?
5
Let m be 52/6 + (-1)/(-3). Suppose 3*w - 51 = -m. List the prime factors of w.
2, 7
Let f be ((-6)/(-3))/(8/52). What are the prime factors of 4/10 - f/(-5)?
3
Let o(x) be the third derivative of -x**5/30 - x**4/12 - x**3/3 + 3*x**2. Let r be o(-3). What are the prime factors of 270/35 - 4/r?
2
Let q = 21 + -11. Suppose -r - q = -6*r. List the prime factors of (28 + r)*4/10.
2, 3
Let d(b) = 3*b**2 - 6*b + 6. Let p be d(4). Suppose 0*h + h = p. Suppose 4*r = r + h. What are the prime factors of r?
2, 5
Suppose 2*m = -2*y - 0*y + 66, -5*m = -5*y - 185. Let o = -21 + m. What are the prime factors of o?
2, 7
Let i(t) = -t**3 + 8*t**2 - 6*t - 5. Let h be i(7). Suppose d + h*u - 11 = 0, 10*d - 79 = 5*d - 2*u. List the prime factors of d.
17
Let n(v) = 0 - v**2 + 10*v - 1 + 0*v - 5. List the prime factors of n(8).
2, 5
Let s(j) = 4*j - 3. Suppose -5*p - 4*n + 10 = 0, -5 + 1 = -2*p - 2*n. Let w = p + 1. What are the prime factors of s(w)?
3
Let c be 477/6 + 4/(-8). Suppose -5*o + l = -4*l - 145, c = 3*o - 5*l. What are the prime factors of o?
3, 11
Let r(w) = 2*w + 6 + 1 + 5*w - w**2. Let p be r(8). What are the prime factors of 0 + -2 + 3 - p?
2
Let x(z) = z**2 + 16*z + 22. List the prime factors of x(-20).
2, 3, 17
Let x = 2 - 1. Suppose -4*c = -3*c + x. List the prime factors of 7/((-1)/c + 0).
7
Let d(x) = x**3 - 11*x**2 + 10*x + 4. Let g be d(10). Suppose 11 = 5*s - g. What are the prime factors of s?
3
Let r(t) = t**3 - 4*t**2 - 3*t + 6. List the prime factors of r(6).
2, 3, 5
List the prime factors of ((-10)/(-3) + -3)/(2/606).
101
Suppose 0*r + r - 208 = 0. Suppose 124 = -z + 4*z - i, -r = -5*z + 2*i. List the prime factors of z.
2, 5
Let r(g) be the third derivative of g**6/120 + g**5/10 + g**4/8 - g**2. Let x be r(-5). Suppose -3*i = -2*i - x. List the prime factors of i.
2, 5
Let o(l) = l**3 + 4*l**2 + 3*l + 14. What are the prime factors of o(-4)?
2
Let v be (15/(-25))/(1/(-5)). Suppose -36 = -v*x + 4*s, 3*x - 4*s = 7*x - 76. What are the prime factors of x?
2
Let o = 66 - 30. List the prime factors of o.
2, 3
Suppose -117 = 5*l - 1667. What are the prime factors of l?
2, 5, 31
Let w be (-3 + 7 + -3)*-1. Let x(p) = 18*p**2. What are the prime factors of x(w)?
2, 3
Let h be 25/(-3) - (-1)/3. Let v = 48 + h. Suppose -2*b = 4*l - v, -l = -6*b + b + 12. List the prime factors of l.
2
Suppose 9 = 2*h + h. Suppose -h*l = 2*l + 3*o + 19, -4*l = 3*o + 17. List the prime factors of (-3)/(l/16*6).
2
Suppose q + 8 = 2*i, 0*q + 5*q + 8 = 2*i. Suppose 0 = z - q*z + 3*t - 18, -2*t + 32 = 2*z. What are the prime factors of z?
3, 5
Suppose -3*u + 5 = -1. Suppose -22 = -u*t + 2*k, -9 = 5*t - k - 72. List th